
Let m(p) = 8*p**2 - 60*p + 21. Determine m(7).
-7
Let b(h) = h**2 + 10*h + 4. Give b(-7).
-17
Let r(q) = -17*q + 4. Give r(1).
-13
Let d(s) = -8*s**2 + 3*s - 2. Give d(1).
-7
Let i(z) = z**3 + 4*z**2 + 9*z - 5. Give i(-5).
-75
Let o(c) = -2*c + 22. Give o(8).
6
Let o(h) = -h**3 - 17*h**2 - 25*h - 29. Calculate o(-16).
115
Let r(o) = o + 10. What is r(-14)?
-4
Let s(k) = -2*k**3 + 2*k**2 + 3*k - 9. Calculate s(4).
-93
Let h(y) = -2*y - 45. What is h(-31)?
17
Let n(y) = -y**2 - 7*y + 2. Determine n(-5).
12
Let z(h) = -7*h - 5. Calculate z(-7).
44
Let l(p) = -14*p - 1. What is l(2)?
-29
Let v(u) = 30*u + 35. Calculate v(-1).
5
Let o(u) = -u**3 + 15*u**2 - 20*u - 21. Determine o(14).
-105
Let w(o) = -3*o**3 - 4*o**2 - 8*o - 5. Calculate w(-1).
2
Let x(n) = n**3 + 20*n**2 + 3. Calculate x(-20).
3
Let k(i) = -23*i + 11. Determine k(1).
-12
Let c(x) = -x**3 + 8*x**2 + 12*x - 5. Give c(9).
22
Let s(i) = i - 43. Determine s(39).
-4
Let d(y) = y**2 - 6*y. Give d(7).
7
Let f(x) = 3*x**3 - 2*x**2 - x. Determine f(2).
14
Let v(s) = -s**3 + 7*s**2 - 8*s + 7. Give v(5).
17
Let l(b) = b**2 + 26*b - 224. Determine l(7).
7
Let q(s) = -s - 66. Determine q(0).
-66
Let q(f) = -f**3 - 14*f**2 - 26*f - 15. What is q(-12)?
9
Let v(z) = 3*z**3 + 5*z**2 + z. What is v(-2)?
-6
Let h(r) = 15*r**3 - r**2 + 3*r - 2. Determine h(1).
15
Let s(w) = 10*w - 61. Determine s(13).
69
Let n(l) = -l - 9. Calculate n(-11).
2
Let g(w) = -w**3 + 3*w**2 + 4*w - 6. What is g(4)?
-6
Let j(l) = -l**3 + 4*l**2 + 10*l - 9. Calculate j(6).
-21
Let h(s) = s - 29. What is h(9)?
-20
Let l(d) = -d**2 + d - 1. Give l(3).
-7
Let h(z) = z**3 + 9*z**2 - 6*z - 11. Determine h(-10).
-51
Let k(m) = m**2 + 10*m - 12. Calculate k(-10).
-12
Let l(q) = -q**2 + 41*q - 147. Determine l(37).
1
Let i(m) = -6*m**2 - 2*m - 2. Determine i(-3).
-50
Let u(c) = c**2 - 27*c + 37. What is u(12)?
-143
Let y(m) = 6*m - 85. Determine y(16).
11
Let s(x) = x**3 - 5*x**2 - 7*x + 5. What is s(6)?
-1
Let h(g) = -g**2 - 16*g - 49. Give h(-4).
-1
Let i(z) = -4*z - 10. Calculate i(-3).
2
Let p(g) = 2*g + 26. Calculate p(-17).
-8
Let s(z) = 17*z**2 + 6*z + 7. Calculate s(-2).
63
Let p(q) = 3*q - 14. Give p(6).
4
Let r(w) = -2*w**3 - 35*w**2 - 18*w - 22. Determine r(-17).
-5
Let d(q) = -q**2 + 18. Calculate d(-5).
-7
Let r(l) = -6*l - 33. Determine r(-5).
-3
Let o(a) = 2*a**2 + 18*a + 17. Give o(-1).
1
Let r(m) = -m**3 + 56*m**2 - 107*m - 61. Give r(54).
-7
Let f(p) = -p**3 + 7*p**2 - 4*p + 1. Calculate f(7).
-27
Let m(z) = 16*z. Calculate m(-1).
-16
Let i(f) = 2*f**2 + 7*f + 5. Give i(-6).
35
Let c(x) = -x**3 - 5*x**2 + 3*x. What is c(-3)?
-27
Let p(t) = 2*t**3 + 6*t**2 - 6*t - 29. Calculate p(-4).
-37
Let c(n) = -11*n + 33. Calculate c(4).
-11
Let k(a) = -a**2 + 12*a - 12. What is k(7)?
23
Let p(l) = l**3 - l**2 + 5*l - 13. Determine p(5).
112
Let g(t) = -2*t**3 + 11*t**2 - 10*t - 4. Determine g(4).
4
Let h(n) = -n**2 - 18*n + 7. Calculate h(-18).
7
Let l(h) = 34*h - 6. Determine l(-2).
-74
Let c(u) = -u**2 + u - 33. Give c(0).
-33
Let n(p) = 6*p**3 + 4*p - 3. Calculate n(1).
7
Let c(z) = 10*z + 14. Calculate c(-1).
4
Let c(k) = -k**3 - 18*k**2 + 18*k - 17. Determine c(-19).
2
Let b(u) = -u. Give b(0).
0
Let m(g) = 6*g**3 - g**2 - 3*g + 1. What is m(2)?
39
Let x(r) = 5*r**2 + 4*r + 2. Calculate x(-2).
14
Let y(o) = 10*o**2 - o. Give y(1).
9
Let c(r) = -r**3 + 16*r**2 - 17*r + 25. Calculate c(15).
-5
Let w(j) = 5*j**2 - 4*j - 5. Calculate w(-3).
52
Let o(i) = 2*i**2 - i + 77. What is o(0)?
77
Let b(i) = -i**3 - 6*i**2 - i - 5. What is b(-6)?
1
Let z(g) = g**2 + 31*g - 7. Determine z(0).
-7
Let h(k) = -k**3 - k**2 + 6*k - 3. Give h(5).
-123
Let x(v) = 3*v + 15. Determine x(-4).
3
Let b(a) = a**2 + 24*a + 140. Calculate b(-12).
-4
Let s(r) = 2*r**3 - 12*r**2 - 8*r - 9. Determine s(7).
33
Let o(s) = -10*s + 211. Give o(21).
1
Let d(s) = s**2 + 5*s - 27. Calculate d(8).
77
Let l(o) = -51*o**2 + 1. Determine l(-1).
-50
Let b(q) = 2*q**2 + 17*q + 46. Give b(-4).
10
Let u(q) = 17*q - 82. What is u(5)?
3
Let s(w) = -9*w**2 - w + 3. Determine s(3).
-81
Let x(q) = -q**2 - 1. What is x(3)?
-10
Let f(n) = -11*n + 40. What is f(-6)?
106
Let i(f) = -2*f + 21. Determine i(9).
3
Let h(c) = -c**3 - 12*c**2 - 11*c + 3. Give h(-11).
3
Let w(g) = g**2 - 8*g - 37. Determine w(11).
-4
Let d(r) = -10*r**2 - 64*r - 5. Calculate d(-6).
19
Let l(i) = -i**3 - 26*i**2 + 26*i - 57. Give l(-27).
-30
Let d(c) = 59*c**3 + c**2 - c. Calculate d(1).
59
Let p(h) = 9*h - 18. Determine p(11).
81
Let s(u) = 2*u**2 + 4*u - 3. Determine s(1).
3
Let f(a) = -a**3 + 12*a**2 - 12*a - 2. Calculate f(11).
-13
Let g(x) = x**3 + 3*x**2 - 33*x - 44. What is g(-7)?
-9
Let s(d) = 2*d**2 + 12*d. Give s(-6).
0
Let u(x) = 70*x + 213. Determine u(-3).
3
Let s(r) = 2*r - 6. What is s(6)?
6
Let w(s) = -s**3 + 6*s**2 - s + 6. Determine w(6).
0
Let p(w) = -27*w**2 + 10*w + 25. Determine p(-2).
-103
Let g(d) = d**3 + 2. Determine g(-2).
-6
Let h(k) = k**3 - 11*k**2 + 10*k - 16. Determine h(11).
94
Let t(h) = h - 8. Determine t(-9).
-17
Let s(g) = -5*g - 153. What is s(-28)?
-13
Let r(t) = -t**3 - 9*t**2 - 12*t + 15. Determine r(-7).
1
Let i(b) = -b**2 - 12*b + 13. Determine i(-9).
40
Let r(w) = -w**3 - 12*w**2 - 33*w - 18. Give r(-4).
-14
Let a(q) = q**2 + 13*q - 32. What is a(-16)?
16
Let s(h) = -9*h - 10. Calculate s(4).
-46
Let t(g) = 2*g - 19. Give t(6).
-7
Let q(m) = -8*m**3 - 3*m**2 + m + 1. Calculate q(1).
-9
Let f(w) = -w + 8. Calculate f(-4).
12
Let z(u) = -u + 4. What is z(-9)?
13
Let o(u) = -32*u - 254. Calculate o(-8).
2
Let f(s) = s**2 + 14*s + 15. Determine f(-10).
-25
Let l(a) = a**2 + 2*a - 3. What is l(0)?
-3
Let r(p) = -5*p - 90. Determine r(-14).
-20
Let p(c) = c**2 - 12*c + 26. Give p(9).
-1
Let q(i) = i**3 + 12*i**2 - 5*i + 10. Determine q(-12).
70
Let w(j) = 8*j + 5. What is w(-1)?
-3
Let n(o) = -2*o**2 + 45*o + 21. Determine n(23).
-2
Let n(f) = -f + 9. Determine n(-3).
12
Let h(u) = u**3 + 7*u**2 - 7*u + 9. Give h(-8).
1
Let f(r) = r**2 + r + 1. Give f(0).
1
Let r(v) = -v**3 + 9*v**2 + 6*v + 11. Calculate r(10).
-29
Let p(o) = 3*o - 15. Give p(7).
6
Let m(a) = -3*a + 9. Give m(0).
9
Let m(o) = o**3 + 10*o**2 - 9*o + 10. Give m(-11).
-12
Let j(a) = -a**3 + 5*a**2 + 3*a + 4. Give j(6).
-14
Let a(v) = -v**3 - 8*v**2 + 12*v - 7. Determine a(-9).
-34
Let b(o) = -o**3 - 9*o**2 - 7*o + 9. What is b(-8)?
1
Let n(z) = z**2 + 19*z + 38. Determine n(-17).
4
Let n(a) = -2*a**3 + 22*a**2 - 48*a - 6. Give n(3).
-6
Let a(l) = -l**2 - 2*l - 2. Determine a(-2).
-2
Let d(c) = -4*c**2 - 3*c + 1. What is d(-3)?
-26
Let i(w) = 2*w**2 - 5*w + 4. Determine i(3).
7
Let z(d) = -23*d**2. Determine z(-1).
-23
Let t(h) = h**2 + 46*h + 321. Calculate t(-38).
17
Let j(p) = p**2 - 6*p - 18. Calculate j(9).
9
Let a(b) = b**2 + 16*b + 29. Give a(-14).
1
Let q(p) = -2*p**2 + 27*p - 59. Calculate q(3).
4
Let p(k) = -k**2 - 8*k - 23. Give p(-12).
-71
Let y(c) = 4*c**3 - 4*c**2 + c + 1. Determine y(3).
76
Let l(j) = -j**3 + 51*j**2 + j - 56. Calculate l(51).
-5
Let m(h) = -h**3 + h**2 + 7*h - 1. Give m(5).
-66
Let i(f) = -4*f**2 - 9*f + 6. Calculate i(4).
-94
Let m(l) = l**3 + 18*l**2 + 19*l + 38. Calculate m(-17).
4
Let c(v) = -11*v + 108. What is c(12)?
-24
Let b(d) = d**3 - 5*d**2 + d - 11. Determine b(5).
-6
Let a(u) = u**3 + 5*u**2 + 3*u + 3. Determine a(-3).
12
Let s(j) = 6*j + 29. What is s(-6)?
-7
Let t(k) = -k**2 - 54*k + 354. What is t(-60)?
-6
Let w(z) = -5*z - 52. Calculate w(-10).
-2
Let z(s) = -s - 17. What is z(-8)?
-9
Let p(s) = -3*s**3 + 67*s**2 - 22*s - 5. Determine p(22).
-5
Let t(u) = 11*u - 78. Determine t(7).
-1
Let n(u) = -u**3 - 12*u**2 + 6*u - 4. Calculate n(-12).
-76
Let c(x) = -2*x**3 - x**2 + 1. Give c(-1).
2
Let g(w) = -2*w - 53. Give g(-26).
-1
Let h(d) = -d**3 + 3*d**2 - 4*d + 7. What is h(3)?
-5
Let x(z) = z - 23. Give x(13).
-10
Let w(i) = 6*i**2 + i - 2. Give w(1).
5
Let f(z) = -9*z - 1. What is f(-1)?
8
Let q(y) = -y**2 - 17*y + 11. Determine q(-16).
27
Let s(x) = -6*x + 51. Determine s(8).
3
Let c(g) = g**3 - 4. Give c(-2).
-12
Let l(d) = d**3 + d**2 - 2*d + 34. Give l(0).
34
Let t(u) = u + 24. Give t(-18).
6
Let w(g) = -2*g - 53. Give w(-24).
-5
Let a(v) = 2*v**2 + 45*v - 72. What is a(-24)?
0
Let z(r) = 9*r - 4. Determine z(-3).
-31
Let w(n) = 6*n - 36. Give 